{"id":1248,"date":"2025-07-17T12:41:08","date_gmt":"2025-07-17T12:41:08","guid":{"rendered":"https:\/\/centeribil.com\/?page_id=1248"},"modified":"2026-03-17T12:06:02","modified_gmt":"2026-03-17T12:06:02","slug":"premiere-edition","status":"publish","type":"page","link":"https:\/\/centeribil.com\/?page_id=1248","title":{"rendered":"Premi\u00e8re \u00e9dition"},"content":{"rendered":"<div class=\"wpb-content-wrapper\"><section class=\"vc_section\"><div class=\"vc_row wpb_row vc_row-fluid\"><div class=\"wpb_column vc_column_container vc_col-sm-6\"><div class=\"vc_column-inner\"><div class=\"wpb_wrapper\">\n\t<div class=\"wpb_text_column wpb_content_element\" >\n\t\t<div class=\"wpb_wrapper\">\n\t\t\t<p>Le Centre Technique de l\u2019Industrie du Bois et de l\u2019Ameublement -CETIBA a annonc\u00e9 le 04 mai 2018 la premi\u00e8re \u00e9dition de concours de design mobilier au si\u00e8ge de l\u2019Union Tunisienne de l\u2019Industrie du Commerce et de l\u2019Artisanat \u2013UTICA.<\/p>\n<p>Dans cette \u00e9dition il y a sept laur\u00e9ats qui ont re\u00e7u leurs prix , en pr\u00e9sence de\u00a0M. Slim FERIANI, ministre de l\u2019industrie et des petites et moyennes entreprises,\u00a0M. Taoufik ABBES\u00a0, chef cabinet du minist\u00e8re de l\u2019industrie et des PME,\u00a0M. Khaled SELLAMI, membre du bureau ex\u00e9cutif de l\u2019UTICA,\u00a0M. Omar BOUZOUADA, directeur g\u00e9n\u00e9ral du centre technique de l\u2019industrie du bois et de l\u2019ameublement \u00abCETIBA\u00bb,\u00a0M. Mhamed BEN HSAN, repr\u00e9sentant de la f\u00e9d\u00e9ration nationale du bois et de l\u2019ameublement \u00abFNBA\u00bb,\u00a0M. Arnaud GODVIN, directeur de l\u2019\u00e9cole sup\u00e9rieure du bois de Nantes- ESB, des industriels et repr\u00e9sentants du secteur du bois et de l\u2019ameublement, des institutions publiques et des repr\u00e9sentants des m\u00e9dias.<\/p>\n<p>Cette \u00e9dition a \u00e9t\u00e9 organis\u00e9e en collaboration avec la F\u00e9d\u00e9ration Nationale du Bois et de l\u2019Ameublement \u2013FNBA, et en partenariat avec ses homologues de France \u00ab\u00a0Ecole Sup\u00e9rieure du Bois de Nantes \u2013 ESB\u00a0\u00bb et d\u2019Espagne \u00ab\u00a0Instituto Tecnol\u00f3gico Metalmec\u00e1nico, Mueble, Madera, Embalaje y Afines \u2013 AIDIMME\u00bb.<\/p>\n<p>Le th\u00e8me de cette premi\u00e8re \u00e9dition 2018 avait comme th\u00e8me \u00ab R\u00e9inventer le meuble pour enfant \u00bb.<\/p>\n<p>L&rsquo;\u00e9v\u00e9nement a \u00e9t\u00e9 marqu\u00e9 par la participation de 60 \u00e9tudiants et \u00e9l\u00e8ves issus de 16 institutions, dont des \u00e9coles d&rsquo;ing\u00e9nieurs, de design, d&rsquo;arts graphiques, d&rsquo;architecture et des centres de formation sp\u00e9cialis\u00e9s, tant publics que priv\u00e9s, ainsi que des m\u00e9dias, des repr\u00e9sentants du Minist\u00e8re de l&rsquo;Industrie et des industriels.<\/p>\n\n\t\t<\/div>\n\t<\/div>\n<\/div><\/div><\/div><div class=\"wpb_column vc_column_container vc_col-sm-6\"><div class=\"vc_column-inner\"><div class=\"wpb_wrapper\"><div class=\"video-wrapper\"><iframe src=\"https:\/\/www.youtube.com\/embed\/ekiZbn5p-Sc?wmode=transparent\" width=\"1280\" height=\"315\" style=\"border: none !important\"><\/iframe><\/div><\/div><\/div><\/div><\/div><\/section><div class=\"vc_row wpb_row vc_row-fluid\"><div class=\"wpb_column vc_column_container vc_col-sm-12\"><div class=\"vc_column-inner\"><div class=\"wpb_wrapper\"><div class=\"vc_empty_space\"   style=\"height: 10px\"><span class=\"vc_empty_space_inner\"><\/span><\/div>\n\t<div class=\"wpb_text_column wpb_content_element\" >\n\t\t<div class=\"wpb_wrapper\">\n\t\t\t<p>Le \u00ab\u00a0CETIBA\u00a0\u00bb a d\u00e9livr\u00e9 des laur\u00e9ats qui ont \u00e9t\u00e9 d\u00e9voil\u00e9s lors d\u2019une c\u00e9r\u00e9monie dont\u00a0le :<\/p>\n<ul>\n<li><strong>1er prix<\/strong> Omeima ABID (CSFMBM Monastir) &#8211; Prise en charge totale d\u2019une semaine de formation au sein de l\u2019Ecole Sup\u00e9rieure du Bois de Nantes, offerte par l\u2019ESB (France)\u00a0+ une valise professionnelle d\u2019outillages et gabarits d\u2019une valeur de 495 \u20ac &amp; un weekend pour 2 personnes dans un h\u00f4tel 5 \u00e9toiles offerts par\u00a0BLUM Afrique du nord.<\/li>\n<li><strong>2\u00e8me prix<\/strong> Mariem BEN AMMAR (ISAM SFAX) &#8211; Un ch\u00e8que de 4 Mille Dinars offerts par MEUBLATEX.<\/li>\n<li><strong>3\u00e8me prix<\/strong> : Dalel BANNENI (ISAM SFAX) &#8211; Un ch\u00e8que de 4 Mille Dinars offerts par INTER MEUBLES.<\/li>\n<li><strong>4\u00e8me prix<\/strong> Boulbeba BOUJELBEN (ISAM SFAX) &#8211; Un ch\u00e8que de 3 Mille Dinars offerts par MEUBLES MEZGHANI.<\/li>\n<li><strong>5\u00e8me prix<\/strong> Mariem WALHA (ISAM SFAX) &#8211; Un ch\u00e8que de 3 Mille Dinars offerts par la FNBA.<\/li>\n<li><strong>6\u00e8me prix <\/strong>Mohamed Ali BOUASSIDA (ESAD TUNIS) &#8211; Un ch\u00e8que de 3 Mille Dinars offerts par le CETIBA.<\/li>\n<li><strong>7\u00e8me prix<\/strong> Rahma BEN ATITALLAH (ISAM SFAX) &#8211; Une bourse mensuelle de 200 DT pendant 9 mois offerte par INTER MEUBLES.<\/li>\n<li><strong>Prix Sp\u00e9cial<\/strong> Wissal DAMMEK (ENIS SFAX) &#8211; Une bourse d\u2019\u00e9tude d\u2019un an pour un ing\u00e9nieur pour effectuer un master 2 au CANADA apr\u00e8s avoir pass\u00e9 un master 1 \u00e0 l\u2019ENIS en mat\u00e9riaux renouvelables, offerte par l\u2019ENIS.<\/li>\n<li><strong>Prix Sp\u00e9cial Jury<\/strong> l\u2019Institut Sup\u00e9rieur des Arts et M\u00e9tiers de Sfax avec &#8211; Un acc\u00e8s gratuit pendant 1 an \u00e0 la biblioth\u00e8que des mat\u00e9riaux innovants d\u2019AIDIMME offert par l\u2019AIDIMME (Espagne).<\/li>\n<\/ul>\n\n\t\t<\/div>\n\t<\/div>\n<\/div><\/div><\/div><\/div>\n<\/div>","protected":false},"excerpt":{"rendered":"Le Centre Technique de l\u2019Industrie du Bois et de l\u2019Ameublement -CETIBA a annonc\u00e9 le 04 mai 2018 la premi\u00e8re \u00e9dition de concours de design mobilier au si\u00e8ge de l\u2019Union Tunisienne de l\u2019Industrie du Commerce et de l\u2019Artisanat \u2013UTICA. Dans cette...","protected":false},"author":1,"featured_media":0,"parent":0,"menu_order":0,"comment_status":"open","ping_status":"closed","template":"","meta":{"footnotes":""},"class_list":["post-1248","page","type-page","status-publish","hentry"],"_links":{"self":[{"href":"https:\/\/centeribil.com\/index.php?rest_route=\/wp\/v2\/pages\/1248","targetHints":{"allow":["GET"]}}],"collection":[{"href":"https:\/\/centeribil.com\/index.php?rest_route=\/wp\/v2\/pages"}],"about":[{"href":"https:\/\/centeribil.com\/index.php?rest_route=\/wp\/v2\/types\/page"}],"author":[{"embeddable":true,"href":"https:\/\/centeribil.com\/index.php?rest_route=\/wp\/v2\/users\/1"}],"replies":[{"embeddable":true,"href":"https:\/\/centeribil.com\/index.php?rest_route=%2Fwp%2Fv2%2Fcomments&post=1248"}],"version-history":[{"count":10,"href":"https:\/\/centeribil.com\/index.php?rest_route=\/wp\/v2\/pages\/1248\/revisions"}],"predecessor-version":[{"id":2166,"href":"https:\/\/centeribil.com\/index.php?rest_route=\/wp\/v2\/pages\/1248\/revisions\/2166"}],"wp:attachment":[{"href":"https:\/\/centeribil.com\/index.php?rest_route=%2Fwp%2Fv2%2Fmedia&parent=1248"}],"curies":[{"name":"wp","href":"https:\/\/api.w.org\/{rel}","templated":true}]}}