{"id":1446,"date":"2025-07-29T07:32:19","date_gmt":"2025-07-29T07:32:19","guid":{"rendered":"https:\/\/centeribil.com\/?page_id=1446"},"modified":"2026-02-04T13:13:34","modified_gmt":"2026-02-04T13:13:34","slug":"placage-et-panneau-du-bois","status":"publish","type":"page","link":"https:\/\/centeribil.com\/?page_id=1446","title":{"rendered":"Placage et panneau du bois"},"content":{"rendered":"<div class=\"wpb-content-wrapper\"><div class=\"vc_row wpb_row vc_row-fluid\"><div class=\"wpb_column vc_column_container vc_col-sm-12\"><div class=\"vc_column-inner\"><div class=\"wpb_wrapper\">\n\t<div class=\"wpb_text_column wpb_content_element\" >\n\t\t<div class=\"wpb_wrapper\">\n\t\t\t<div class=\"container my-1\">\n<div class=\"table-responsive\" style=\"max-width: 800px;\">\n<table class=\"table table-bordered table-striped align-middle\" style=\"font-size: 12px; width: 100%;\">\n<thead class=\"table-dark text-center\">\n<tr>\n<th>#<\/th>\n<th>D\u00e9nomination<\/th>\n<th>Activit\u00e9s<\/th>\n<th>T\u00e9l. si\u00e8ge\/usine<\/th>\n<th>Gouvernorat<\/th>\n<\/tr>\n<\/thead>\n<tbody>\n<tr>\n<td>1<\/td>\n<td>GAN (BIR EL KASSAA)<\/td>\n<td>Panneaux de bois &#8211; Fabrication de charpentes et de menuiseries.<\/td>\n<td>70020520 \/ 70020800<\/td>\n<td>Ben Arous<\/td>\n<\/tr>\n<tr>\n<td>2<\/td>\n<td>MPBS<\/td>\n<td>Panneaux de bois.<\/td>\n<td>74468044<\/td>\n<td>Sfax<\/td>\n<\/tr>\n<tr>\n<td>3<\/td>\n<td>PALMA WOOD<\/td>\n<td>Panneaux de bois.<\/td>\n<td>98328037<\/td>\n<td>Tozeur<\/td>\n<\/tr>\n<tr>\n<td>4<\/td>\n<td>PANOBOIS<\/td>\n<td>Sciage, rabotage, impr\u00e9gnation du bois &#8211; Panneaux de bois.<\/td>\n<td>96538013 \/ 73308777<\/td>\n<td>Sousse<\/td>\n<\/tr>\n<tr>\n<td>5<\/td>\n<td>PROPANN<\/td>\n<td>Panneaux de bois.<\/td>\n<td>22085085 \/ 70015300<\/td>\n<td>Zaghouan<\/td>\n<\/tr>\n<tr>\n<td>6<\/td>\n<td>SITB<\/td>\n<td>Panneaux de bois.<\/td>\n<td>22786711 \/ 22872113<\/td>\n<td>Sfax<\/td>\n<\/tr>\n<tr>\n<td>7<\/td>\n<td>STRAMIFLEX<\/td>\n<td>Panneaux de bois.<\/td>\n<td>71808080<\/td>\n<td>Tunis<\/td>\n<\/tr>\n<tr>\n<td>8<\/td>\n<td>WOOD PLAST<\/td>\n<td>Panneaux de bois.<\/td>\n<td>22031163 \/ 22322448<\/td>\n<td>Siliana<\/td>\n<\/tr>\n<\/tbody>\n<\/table>\n<\/div>\n<\/div>\n\n\t\t<\/div>\n\t<\/div>\n<\/div><\/div><\/div><\/div>\n<\/div>","protected":false},"excerpt":{"rendered":"# D\u00e9nomination Activit\u00e9s T\u00e9l. si\u00e8ge\/usine Gouvernorat 1 GAN (BIR EL KASSAA) Panneaux de bois - Fabrication de charpentes et de menuiseries. 70020520 \/ 70020800 Ben Arous 2 MPBS Panneaux de bois. 74468044 Sfax 3 PALMA WOOD Panneaux de bois. 98328037...","protected":false},"author":1,"featured_media":0,"parent":1439,"menu_order":0,"comment_status":"open","ping_status":"closed","template":"","meta":{"footnotes":""},"class_list":["post-1446","page","type-page","status-publish","hentry"],"_links":{"self":[{"href":"https:\/\/centeribil.com\/index.php?rest_route=\/wp\/v2\/pages\/1446","targetHints":{"allow":["GET"]}}],"collection":[{"href":"https:\/\/centeribil.com\/index.php?rest_route=\/wp\/v2\/pages"}],"about":[{"href":"https:\/\/centeribil.com\/index.php?rest_route=\/wp\/v2\/types\/page"}],"author":[{"embeddable":true,"href":"https:\/\/centeribil.com\/index.php?rest_route=\/wp\/v2\/users\/1"}],"replies":[{"embeddable":true,"href":"https:\/\/centeribil.com\/index.php?rest_route=%2Fwp%2Fv2%2Fcomments&post=1446"}],"version-history":[{"count":3,"href":"https:\/\/centeribil.com\/index.php?rest_route=\/wp\/v2\/pages\/1446\/revisions"}],"predecessor-version":[{"id":1929,"href":"https:\/\/centeribil.com\/index.php?rest_route=\/wp\/v2\/pages\/1446\/revisions\/1929"}],"up":[{"embeddable":true,"href":"https:\/\/centeribil.com\/index.php?rest_route=\/wp\/v2\/pages\/1439"}],"wp:attachment":[{"href":"https:\/\/centeribil.com\/index.php?rest_route=%2Fwp%2Fv2%2Fmedia&parent=1446"}],"curies":[{"name":"wp","href":"https:\/\/api.w.org\/{rel}","templated":true}]}}