{"id":1559,"date":"2025-08-08T14:03:01","date_gmt":"2025-08-08T14:03:01","guid":{"rendered":"https:\/\/centeribil.com\/?page_id=1559"},"modified":"2026-02-04T13:58:32","modified_gmt":"2026-02-04T13:58:32","slug":"troisieme-edition","status":"publish","type":"page","link":"https:\/\/centeribil.com\/?page_id=1559","title":{"rendered":"Troisi\u00e8me \u00e9dition"},"content":{"rendered":"<div class=\"wpb-content-wrapper\"><section class=\"vc_section\"><div class=\"vc_row wpb_row vc_row-fluid\"><div class=\"wpb_column vc_column_container vc_col-sm-6\"><div class=\"vc_column-inner\"><div class=\"wpb_wrapper\">\n\t<div class=\"wpb_text_column wpb_content_element\" >\n\t\t<div class=\"wpb_wrapper\">\n\t\t\t<p>Le CETIBA a organis\u00e9 la troisi\u00e8me \u00e9dition du concours euro-m\u00e9diterran\u00e9en Wood Innov Design le 14 juin 2022 au si\u00e8ge de l\u2019Union Tunisienne de l\u2019Industrie, du Commerce et de l\u2019Artisanat (UTICA). Le th\u00e8me de cette ann\u00e9e \u00e9tait \u00ab Innover pour les personnes \u00e2g\u00e9es et \u00e0 mobilit\u00e9 r\u00e9duite \u00bb.<\/p>\n<p>Cette journ\u00e9e a \u00e9t\u00e9 accueillie par 74 \u00e9tudiants et \u00e9l\u00e8ves de 15 institutions, dont des \u00e9coles d&rsquo;ing\u00e9nieurs, de design, d&rsquo;arts graphiques, d&rsquo;architecture et des centres de formation sp\u00e9cialis\u00e9s, tant publics que priv\u00e9s, ainsi que des m\u00e9dias, des repr\u00e9sentants du Minist\u00e8re de l&rsquo;Industrie et des industriels.<\/p>\n<p>Les participants ont \u00e9t\u00e9 r\u00e9partis en deux cat\u00e9gories :<\/p>\n<ul>\n<li>Cat\u00e9gorie \u00ab S\u00e9nior \u00bb : \u00e9tudiants des classes terminales,<\/li>\n<li>Cat\u00e9gorie \u00ab Junior \u00bb : \u00e9tudiants des autres niveaux.<\/li>\n<\/ul>\n\n\t\t<\/div>\n\t<\/div>\n<\/div><\/div><\/div><div class=\"wpb_column vc_column_container vc_col-sm-6\"><div class=\"vc_column-inner\"><div class=\"wpb_wrapper\"><div class=\"video-wrapper\"><iframe src=\"https:\/\/www.youtube.com\/embed\/rl-aur4ii2I?wmode=transparent\" width=\"1280\" height=\"315\" style=\"border: none !important\"><\/iframe><\/div><\/div><\/div><\/div><\/div><\/section><section class=\"vc_section\"><div class=\"vc_row wpb_row vc_row-fluid\"><div class=\"wpb_column vc_column_container vc_col-sm-12\"><div class=\"vc_column-inner\"><div class=\"wpb_wrapper\"><div class=\"vc_empty_space\"   style=\"height: 32px\"><span class=\"vc_empty_space_inner\"><\/span><\/div>\n\t<div class=\"wpb_text_column wpb_content_element\" >\n\t\t<div class=\"wpb_wrapper\">\n\t\t\t<p><u>Prix S\u00e9nior :<\/u><\/p>\n<ul>\n<li><strong>1er prix<\/strong> : Mohamed ROMANI (ISAM Kairouan) \u2013 Une machine MINIPRESS pour per\u00e7age et pose d\u2019accessoires offerte par l\u2019entreprise \u00ab BLUM AFRIQUE DU NORD \u00bb, h\u00e9bergement gratuit dans une p\u00e9pini\u00e8re de l\u2019APII pendant un an, accompagnement et assistance technique par le CETIBA, un ch\u00e8que cadeau de mille dinars, et un week-end dans un h\u00f4tel de 5* offert par \u00ab BLUM AFRIQUE DU NORD \u00bb.<\/li>\n<li><strong>2\u00e8me prix :<\/strong> Fares BELKACEM (CSFMBM Monastir) \u2013 Une bo\u00eete \u00e0 outils professionnels et un lot de mati\u00e8res premi\u00e8res offerts par PROMODAR, h\u00e9bergement gratuit dans une p\u00e9pini\u00e8re de l\u2019APII pendant un an, accompagnement et assistance technique par le CETIBA, et un ch\u00e8que cadeau de deux mille dinars.<\/li>\n<li><strong>3\u00e8me prix :<\/strong> Foued TRIKI (CSFMBM Monastir) \u2013 Une bo\u00eete \u00e0 outils professionnels offerte par PROMODAR, un ch\u00e8que cadeau de deux mille dinars, et un stage pay\u00e9 de trois mois offert par \u00ab FABLAB ELSPACE \u00bb.<\/li>\n<\/ul>\n<p><u>Prix Junior :<\/u><\/p>\n<ul>\n<li><strong>1er prix :<\/strong> Malek MAHROUG (ISAM Sfax) \u2013 Un ch\u00e8que cadeau de quatre mille dinars, et un week-end dans un h\u00f4tel de 5* offert par \u00ab BLUM AFRIQUE DU NORD \u00bb.<\/li>\n<li><strong>2\u00e8me prix :<\/strong> Ameni CHIKHAOUI (ISBAN Nabeul) \u2013 Un ch\u00e8que cadeau de trois mille dinars.<\/li>\n<li><strong>3\u00e8me prix :<\/strong> Hiba NABLI \u2013 Un ch\u00e8que cadeau de deux mille dinars.<\/li>\n<\/ul>\n<p><u>Prix Sp\u00e9cial du Jury :<\/u><\/p>\n<ul>\n<li>Mohamed LOUATI \u2013 Plaque d\u2019honneur.<\/li>\n<li>Acc\u00e8s gratuit pendant un an \u00e0 la biblioth\u00e8que des mat\u00e9riaux innovants d\u2019AIDIMME, offert par \u00ab AIDIMME \u00bb (Espagne).<\/li>\n<\/ul>\n<p><u>Pour tous les laur\u00e9ats :<\/u><\/p>\n<ul>\n<li>Une journ\u00e9e de formation pour tous les laur\u00e9ats et leurs encadreurs offerte par \u00abBLUM AFRIQUE DU NORD\u00bb.<\/li>\n<li>Un cycle de formation de six jours en impression 3D, d\u00e9coupage et gravure laser, et en Human Centered Design offert par \u00abFABLAB EL SPACE\u00bb.<\/li>\n<\/ul>\n\n\t\t<\/div>\n\t<\/div>\n<\/div><\/div><\/div><\/div><\/section>\n<\/div>","protected":false},"excerpt":{"rendered":"Le CETIBA a organis\u00e9 la troisi\u00e8me \u00e9dition du concours euro-m\u00e9diterran\u00e9en Wood Innov Design le 14 juin 2022 au si\u00e8ge de l\u2019Union Tunisienne de l\u2019Industrie, du Commerce et de l\u2019Artisanat (UTICA). Le th\u00e8me de cette ann\u00e9e \u00e9tait \u00ab Innover pour les...","protected":false},"author":1,"featured_media":0,"parent":0,"menu_order":0,"comment_status":"open","ping_status":"closed","template":"","meta":{"footnotes":""},"class_list":["post-1559","page","type-page","status-publish","hentry"],"_links":{"self":[{"href":"https:\/\/centeribil.com\/index.php?rest_route=\/wp\/v2\/pages\/1559","targetHints":{"allow":["GET"]}}],"collection":[{"href":"https:\/\/centeribil.com\/index.php?rest_route=\/wp\/v2\/pages"}],"about":[{"href":"https:\/\/centeribil.com\/index.php?rest_route=\/wp\/v2\/types\/page"}],"author":[{"embeddable":true,"href":"https:\/\/centeribil.com\/index.php?rest_route=\/wp\/v2\/users\/1"}],"replies":[{"embeddable":true,"href":"https:\/\/centeribil.com\/index.php?rest_route=%2Fwp%2Fv2%2Fcomments&post=1559"}],"version-history":[{"count":9,"href":"https:\/\/centeribil.com\/index.php?rest_route=\/wp\/v2\/pages\/1559\/revisions"}],"predecessor-version":[{"id":1938,"href":"https:\/\/centeribil.com\/index.php?rest_route=\/wp\/v2\/pages\/1559\/revisions\/1938"}],"wp:attachment":[{"href":"https:\/\/centeribil.com\/index.php?rest_route=%2Fwp%2Fv2%2Fmedia&parent=1559"}],"curies":[{"name":"wp","href":"https:\/\/api.w.org\/{rel}","templated":true}]}}