{"id":1561,"date":"2025-08-08T14:03:24","date_gmt":"2025-08-08T14:03:24","guid":{"rendered":"https:\/\/centeribil.com\/?page_id=1561"},"modified":"2026-02-04T14:00:24","modified_gmt":"2026-02-04T14:00:24","slug":"quatrieme-edition","status":"publish","type":"page","link":"https:\/\/centeribil.com\/?page_id=1561","title":{"rendered":"Quatri\u00e8me \u00e9dition"},"content":{"rendered":"<div class=\"wpb-content-wrapper\"><section class=\"vc_section\"><div class=\"vc_row wpb_row vc_row-fluid\"><div class=\"wpb_column vc_column_container vc_col-sm-6\"><div class=\"vc_column-inner\"><div class=\"wpb_wrapper\">\n\t<div class=\"wpb_text_column wpb_content_element\" >\n\t\t<div class=\"wpb_wrapper\">\n\t\t\t<p>Le CETIBA a organis\u00e9 la quatri\u00e8me \u00e9dition du concours euro-m\u00e9diterran\u00e9en Wood Innov Design le 31 mai 2023 au si\u00e8ge de l\u2019Union Tunisienne de l\u2019Industrie, du Commerce et de l\u2019Artisanat (UTICA). Le th\u00e8me de cette \u00e9dition \u00e9tait \u00ab Rien ne se perd\u2026 Tout se transforme ! \u00bb.<\/p>\n<p>Ont pris part \u00e0 l&rsquo;\u00e9v\u00e9nement <strong>43<\/strong> \u00e9tudiants et \u00e9l\u00e8ves de 08 institutions, dont des \u00e9coles d&rsquo;ing\u00e9nieurs, de design, d&rsquo;arts graphiques, d&rsquo;architecture et des centres de formation sp\u00e9cialis\u00e9s, tant publics que priv\u00e9s, ainsi que des m\u00e9dias, des repr\u00e9sentants du Minist\u00e8re de l&rsquo;Industrie et des industriels.<\/p>\n<p>Les participants ont \u00e9t\u00e9 r\u00e9partis en deux cat\u00e9gories :<\/p>\n<ul>\n<li>Cat\u00e9gorie \u00abS\u00e9nior\u00bb : \u00e9tudiants des classes terminales<\/li>\n<li>Cat\u00e9gorie \u00abJunior\u00bb : \u00e9tudiants des autres niveaux<\/li>\n<\/ul>\n\n\t\t<\/div>\n\t<\/div>\n<\/div><\/div><\/div><div class=\"wpb_column vc_column_container vc_col-sm-6\"><div class=\"vc_column-inner\"><div class=\"wpb_wrapper\"><div class=\"video-wrapper\"><iframe src=\"https:\/\/www.youtube.com\/embed\/isgrVxjHMnU?wmode=transparent\" width=\"1280\" height=\"315\" style=\"border: none !important\"><\/iframe><\/div><\/div><\/div><\/div><\/div><\/section><section class=\"vc_section\"><div class=\"vc_row wpb_row vc_row-fluid\"><div class=\"wpb_column vc_column_container vc_col-sm-12\"><div class=\"vc_column-inner\"><div class=\"wpb_wrapper\">\n\t<div class=\"wpb_text_column wpb_content_element\" >\n\t\t<div class=\"wpb_wrapper\">\n\t\t\t<p><u>Prix S\u00e9nior :<\/u><\/p>\n<ul>\n<li><strong>1er prix :<\/strong> Tangara OUSMANI (CSFMBM Monastir) \u2013 Un ch\u00e8que cadeau d\u2019une valeur de 5 mille dinars.<\/li>\n<li><strong>2\u00e8me Prix<\/strong> : Malek ROUISSI (Coll\u00e8ge LaSalle) \u2013 Un ch\u00e8que cadeau d\u2019une valeur de 4 mille dinars.<\/li>\n<li><strong>3\u00e8me prix<\/strong> : Hamza CHAIEB (Coll\u00e8ge LaSalle) \u2013 Un ch\u00e8que cadeau d\u2019une valeur de 3 mille dinars.<\/li>\n<\/ul>\n<p><u>Prix Junior :<\/u><\/p>\n<ul>\n<li><strong>1er prix :<\/strong> Chourouk BEDHIEF (ISAM Gab\u00e8s) \u2013 Un ch\u00e8que cadeau d\u2019une valeur de 4 mille dinars.<\/li>\n<li><strong>2\u00e8me prix :<\/strong> Mouti CHAARI (CSFMBM Monastir) \u2013 Un ch\u00e8que cadeau d\u2019une valeur de 3 mille dinars.<\/li>\n<li><strong>3\u00e8me prix :<\/strong> Aymen HAFSI (CSFMBM Monastir) \u2013 Un ch\u00e8que cadeau d\u2019une valeur de 2 mille dinars.<\/li>\n<\/ul>\n<p><u>Pour tous les laur\u00e9ats :<\/u><\/p>\n<ul>\n<li>Une journ\u00e9e chez le partenaire \u00ab BLUM AFRIQUE DU NORD \u00bb avec l\u2019encadreur, incluant formation, d\u00e9jeuner, et cadeaux.<\/li>\n<li>Un week-end pour deux personnes dans un h\u00f4tel 5* offert par \u00ab BLUM AFRIQUE DU NORD \u00bb.<\/li>\n<li>Une formation en fabrication num\u00e9rique et entreprenariat offerte par le partenaire \u00ab EL SPACE \u00bb.<\/li>\n<\/ul>\n\n\t\t<\/div>\n\t<\/div>\n<\/div><\/div><\/div><\/div><\/section>\n<\/div>","protected":false},"excerpt":{"rendered":"Le CETIBA a organis\u00e9 la quatri\u00e8me \u00e9dition du concours euro-m\u00e9diterran\u00e9en Wood Innov Design le 31 mai 2023 au si\u00e8ge de l\u2019Union Tunisienne de l\u2019Industrie, du Commerce et de l\u2019Artisanat (UTICA). Le th\u00e8me de cette \u00e9dition \u00e9tait \u00ab Rien ne se...","protected":false},"author":1,"featured_media":0,"parent":0,"menu_order":0,"comment_status":"open","ping_status":"closed","template":"","meta":{"footnotes":""},"class_list":["post-1561","page","type-page","status-publish","hentry"],"_links":{"self":[{"href":"https:\/\/centeribil.com\/index.php?rest_route=\/wp\/v2\/pages\/1561","targetHints":{"allow":["GET"]}}],"collection":[{"href":"https:\/\/centeribil.com\/index.php?rest_route=\/wp\/v2\/pages"}],"about":[{"href":"https:\/\/centeribil.com\/index.php?rest_route=\/wp\/v2\/types\/page"}],"author":[{"embeddable":true,"href":"https:\/\/centeribil.com\/index.php?rest_route=\/wp\/v2\/users\/1"}],"replies":[{"embeddable":true,"href":"https:\/\/centeribil.com\/index.php?rest_route=%2Fwp%2Fv2%2Fcomments&post=1561"}],"version-history":[{"count":7,"href":"https:\/\/centeribil.com\/index.php?rest_route=\/wp\/v2\/pages\/1561\/revisions"}],"predecessor-version":[{"id":1940,"href":"https:\/\/centeribil.com\/index.php?rest_route=\/wp\/v2\/pages\/1561\/revisions\/1940"}],"wp:attachment":[{"href":"https:\/\/centeribil.com\/index.php?rest_route=%2Fwp%2Fv2%2Fmedia&parent=1561"}],"curies":[{"name":"wp","href":"https:\/\/api.w.org\/{rel}","templated":true}]}}