{"id":1709,"date":"2025-10-06T09:55:52","date_gmt":"2025-10-06T09:55:52","guid":{"rendered":"https:\/\/centeribil.com\/?page_id=1709"},"modified":"2025-10-06T10:52:46","modified_gmt":"2025-10-06T10:52:46","slug":"recherche-developpement-et-innovation-2","status":"publish","type":"page","link":"https:\/\/centeribil.com\/?page_id=1709","title":{"rendered":"Recherche, D\u00e9veloppement et Innovation"},"content":{"rendered":"<div class=\"wpb-content-wrapper\"><div class=\"vc_row wpb_row vc_row-fluid\"><div class=\"wpb_column vc_column_container vc_col-sm-12\"><div class=\"vc_column-inner\"><div class=\"wpb_wrapper\">\n\t<div class=\"wpb_raw_code wpb_raw_html wpb_content_element\" >\n\t\t<div class=\"wpb_wrapper\">\n\t\t\t<style>#sp-ea-1208 .spcollapsing { height: 0; overflow: hidden; transition-property: height;transition-duration: 300ms;}#sp-ea-1208.sp-easy-accordion>.sp-ea-single {margin-bottom: 10px; border: 1px solid #e2e2e2; }#sp-ea-1208.sp-easy-accordion>.sp-ea-single>.ea-header a {color: #444;}#sp-ea-1208.sp-easy-accordion>.sp-ea-single>.sp-collapse>.ea-body {background: #fff; color: #444;}#sp-ea-1208.sp-easy-accordion>.sp-ea-single {background: #eee;}#sp-ea-1208.sp-easy-accordion>.sp-ea-single>.ea-header a .ea-expand-icon { float: left; color: #444;font-size: 16px;}<\/style><div id=\"sp_easy_accordion-1752501486\"><div id=\"sp-ea-1208\" class=\"sp-ea-one sp-easy-accordion\" data-ea-active=\"ea-click\" data-ea-mode=\"vertical\" data-preloader=\"\" data-scroll-active-item=\"\" data-offset-to-scroll=\"0\"><div class=\"ea-card ea-expand sp-ea-single\"><h6 class=\"ea-header\"><a class=\"collapsed\" id=\"ea-header-12080\" role=\"button\" data-sptoggle=\"spcollapse\" data-sptarget=\"#collapse12080\" aria-controls=\"collapse12080\" href=\"#\" aria-expanded=\"true\" tabindex=\"0\"><i aria-hidden=\"true\" role=\"presentation\" class=\"ea-expand-icon eap-icon-ea-expand-minus\"><\/i> Quel avantage financier la structure de recherche peut-elle tirer de VRR (Projets de Valorisation des R\u00e9sultats de Recherche) ?<\/a><\/h6><div class=\"sp-collapse spcollapse collapsed show\" id=\"collapse12080\" data-parent=\"#sp-ea-1208\" role=\"region\" aria-labelledby=\"ea-header-12080\"> <div class=\"ea-body\"><p>Les financements peuvent couvrir les rubriques suivantes :<\/p><ul><li>\u00c9quipements<\/li><li>Frais de maintenance et d\u2019entretien des \u00e9quipements acquis dans le cadre du projet<\/li><li>Consommables<\/li><li>Frais de sous-traitance<\/li><li>Documentation et frais d\u2019utilisation des r\u00e9seaux des banques de donn\u00e9es nationales et internationales<\/li><li>D\u00e9placements et h\u00e9bergements en Tunisie des membres de l\u2019\u00e9quipe de recherche<\/li><\/ul><\/div><\/div><\/div><div class=\"ea-card sp-ea-single\"><h6 class=\"ea-header\"><a class=\"collapsed\" id=\"ea-header-12081\" role=\"button\" data-sptoggle=\"spcollapse\" data-sptarget=\"#collapse12081\" aria-controls=\"collapse12081\" href=\"#\" aria-expanded=\"false\" tabindex=\"0\"><i aria-hidden=\"true\" role=\"presentation\" class=\"ea-expand-icon eap-icon-ea-expand-plus\"><\/i> Quel avantage financier la structure de recherche peut-elle tirer de PRF (Projets de Recherche F\u00e9d\u00e9r\u00e9e) ?<\/a><\/h6><div class=\"sp-collapse spcollapse \" id=\"collapse12081\" data-parent=\"#sp-ea-1208\" role=\"region\" aria-labelledby=\"ea-header-12081\"> <div class=\"ea-body\"><p>Un financement annuel sur une dur\u00e9e maximale de 4 ans (une tranche par an) est accord\u00e9. Il servira principalement pour:<\/p><ul><li>Acqu\u00e9rir des \u00e9quipements scientifiques<\/li><li>Couvrir les frais de fonctionnement<\/li><li>Couvrir les frais d\u2019animation et du suivi du r\u00e9seau<\/li><li>Employer du personnel d\u2019appui et \u00e9tudiants<\/li><\/ul><\/div><\/div><\/div><\/div><\/div>\n\t\t<\/div>\n\t<\/div>\n<\/div><\/div><\/div><\/div>\n<\/div>","protected":false},"excerpt":{"rendered":"Quel avantage financier la structure de recherche peut-elle tirer de VRR (Projets de Valorisation des R\u00e9sultats de Recherche) ? Les financements peuvent couvrir les rubriques suivantes :\u00c9quipementsFrais de maintenance et d\u2019entretien des \u00e9quipements acquis dans le cadre du projetConsommablesFrais de...","protected":false},"author":1,"featured_media":0,"parent":0,"menu_order":0,"comment_status":"open","ping_status":"closed","template":"","meta":{"footnotes":""},"class_list":["post-1709","page","type-page","status-publish","hentry"],"_links":{"self":[{"href":"https:\/\/centeribil.com\/index.php?rest_route=\/wp\/v2\/pages\/1709","targetHints":{"allow":["GET"]}}],"collection":[{"href":"https:\/\/centeribil.com\/index.php?rest_route=\/wp\/v2\/pages"}],"about":[{"href":"https:\/\/centeribil.com\/index.php?rest_route=\/wp\/v2\/types\/page"}],"author":[{"embeddable":true,"href":"https:\/\/centeribil.com\/index.php?rest_route=\/wp\/v2\/users\/1"}],"replies":[{"embeddable":true,"href":"https:\/\/centeribil.com\/index.php?rest_route=%2Fwp%2Fv2%2Fcomments&post=1709"}],"version-history":[{"count":2,"href":"https:\/\/centeribil.com\/index.php?rest_route=\/wp\/v2\/pages\/1709\/revisions"}],"predecessor-version":[{"id":1724,"href":"https:\/\/centeribil.com\/index.php?rest_route=\/wp\/v2\/pages\/1709\/revisions\/1724"}],"wp:attachment":[{"href":"https:\/\/centeribil.com\/index.php?rest_route=%2Fwp%2Fv2%2Fmedia&parent=1709"}],"curies":[{"name":"wp","href":"https:\/\/api.w.org\/{rel}","templated":true}]}}