{"id":256,"date":"2014-12-10T07:18:12","date_gmt":"2014-12-10T07:18:12","guid":{"rendered":"http:\/\/anpsthemes.com\/constructo\/?page_id=256"},"modified":"2025-10-10T10:27:29","modified_gmt":"2025-10-10T10:27:29","slug":"controle-technique-a-lexportation","status":"publish","type":"page","link":"https:\/\/centeribil.com\/?page_id=256","title":{"rendered":"Contr\u00f4le technique \u00e0 l\u2019exportation"},"content":{"rendered":"<div class=\"wpb-content-wrapper\"><div class=\"vc_row wpb_row vc_row-fluid\"><div class=\"wpb_column vc_column_container vc_col-sm-12\"><div class=\"vc_column-inner\"><div class=\"wpb_wrapper\">\n\t<div class=\"wpb_text_column wpb_content_element\" >\n\t\t<div class=\"wpb_wrapper\">\n\t\t\t<p>1. R\u00e9ception de la demande client ou une demande de l\u2019INNORPI pour le compte d\u2019une entreprise par le service commercial<br \/>\n2. R\u00e9ception des \u00e9chantillons \u00e0 tester<br \/>\n3. Elaboration d\u2019un devis<br \/>\n4. Signature du devis par le client<br \/>\n5. R\u00e9alisation des essais<br \/>\n6. Elaboration d\u2019un rapport d\u2019essais<br \/>\n7. Transmet du rapport d\u2019essais au client ou \u00e0 l\u2019INNORPI<br \/>\n8. R\u00e9cup\u00e9ration des \u00e9chantillons test\u00e9s par le client ou l\u2019INNORPI<br \/>\n9. Archivage du dossier<\/p>\n\n\t\t<\/div>\n\t<\/div>\n<\/div><\/div><\/div><\/div>\n<\/div>","protected":false},"excerpt":{"rendered":"1. R\u00e9ception de la demande client ou une demande de l\u2019INNORPI pour le compte d\u2019une entreprise par le service commercial 2. R\u00e9ception des \u00e9chantillons \u00e0 tester 3. Elaboration d\u2019un devis 4. Signature du devis par le client 5. R\u00e9alisation des...","protected":false},"author":1,"featured_media":0,"parent":1733,"menu_order":0,"comment_status":"open","ping_status":"closed","template":"","meta":{"footnotes":""},"class_list":["post-256","page","type-page","status-publish","hentry"],"_links":{"self":[{"href":"https:\/\/centeribil.com\/index.php?rest_route=\/wp\/v2\/pages\/256","targetHints":{"allow":["GET"]}}],"collection":[{"href":"https:\/\/centeribil.com\/index.php?rest_route=\/wp\/v2\/pages"}],"about":[{"href":"https:\/\/centeribil.com\/index.php?rest_route=\/wp\/v2\/types\/page"}],"author":[{"embeddable":true,"href":"https:\/\/centeribil.com\/index.php?rest_route=\/wp\/v2\/users\/1"}],"replies":[{"embeddable":true,"href":"https:\/\/centeribil.com\/index.php?rest_route=%2Fwp%2Fv2%2Fcomments&post=256"}],"version-history":[{"count":5,"href":"https:\/\/centeribil.com\/index.php?rest_route=\/wp\/v2\/pages\/256\/revisions"}],"predecessor-version":[{"id":1771,"href":"https:\/\/centeribil.com\/index.php?rest_route=\/wp\/v2\/pages\/256\/revisions\/1771"}],"up":[{"embeddable":true,"href":"https:\/\/centeribil.com\/index.php?rest_route=\/wp\/v2\/pages\/1733"}],"wp:attachment":[{"href":"https:\/\/centeribil.com\/index.php?rest_route=%2Fwp%2Fv2%2Fmedia&parent=256"}],"curies":[{"name":"wp","href":"https:\/\/api.w.org\/{rel}","templated":true}]}}