{"id":260,"date":"2014-12-10T07:18:38","date_gmt":"2014-12-10T07:18:38","guid":{"rendered":"http:\/\/anpsthemes.com\/constructo\/?page_id=260"},"modified":"2026-03-25T09:33:09","modified_gmt":"2026-03-25T09:33:09","slug":"sinscrire-au-pmn","status":"publish","type":"page","link":"https:\/\/centeribil.com\/?page_id=260","title":{"rendered":"S\u2019inscrire au PMN"},"content":{"rendered":"<div class=\"wpb-content-wrapper\"><div class=\"vc_row wpb_row vc_row-fluid\"><div class=\"wpb_column vc_column_container vc_col-sm-12\"><div class=\"vc_column-inner\"><div class=\"wpb_wrapper\"><div class=\"vc_empty_space\"   style=\"height: 10px\"><span class=\"vc_empty_space_inner\"><\/span><\/div><h2 class='heading-content  divider-lg'  style='color: #4D7EA9'><span>PHASE ADHESION, ETUDE ET APPROBATION<\/span><\/h2>\n\t<div class=\"wpb_text_column wpb_content_element\" >\n\t\t<div class=\"wpb_wrapper\">\n\t\t\t<p>La premi\u00e8re phase est d\u00e9clench\u00e9e par la demande d&rsquo;adh\u00e9sion de l&rsquo;entreprise et aboutit \u00e0 l&rsquo;approbation de son plan de mise \u00e0 niveau.<\/p>\n\n\t\t<\/div>\n\t<\/div>\n<h5 class='heading-content  style-1' ><span>Adh\u00e9sion au PMN<\/span><\/h5>\n\t<div class=\"wpb_text_column wpb_content_element\" >\n\t\t<div class=\"wpb_wrapper\">\n\t\t\t<p>L\u2019adh\u00e9sion au PMN se fait par simple demande dont un mod\u00e8le est disponible sur le site<span style=\"color: #ff6600;\"><a style=\"color: #ff6600;\" href=\"https:\/\/www.pmn.nat.tn\" target=\"_blank\" rel=\"noopener\"> www.pmn.nat.tn<\/a> (<a style=\"color: #ff6600;\" href=\"https:\/\/centeribil.com\/wp-content\/uploads\/2026\/03\/demande_adhesion-4-2.pdf\" target=\"_blank\" rel=\"noopener\">t\u00e9l\u00e9charger formulaire de la demande d\u2019adh\u00e9sion<\/a>)<\/span> \u00e0 d\u00e9poser au Bureau de Mise \u00e0 Niveau.<br \/>\nCette demande doit \u00eatre accompagn\u00e9e ou suivie des copies des pi\u00e8ces suivantes :<\/p>\n<ul style=\"margin-left: 20px;\">\n<li>Le registre de commerce,<\/li>\n<li>La d\u00e9claration API,<\/li>\n<li>Le matricule fiscal,<\/li>\n<li>L\u2019attestation d\u2019entr\u00e9e en production (ou de la premi\u00e8re facture et la d\u00e9claration d\u2019imp\u00f4ts.).<\/li>\n<\/ul>\n\n\t\t<\/div>\n\t<\/div>\n<h5 class='heading-content  style-1' ><span>Elaboration du diagnostic \/ Plan de mise \u00e0 niveau et d\u00e9p\u00f4t de dossier<\/span><\/h5>\n\t<div class=\"wpb_text_column wpb_content_element\" >\n\t\t<div class=\"wpb_wrapper\">\n\t\t\t<p>L\u2019\u00e9tude de diagnostic\/plan de mise \u00e0 niveau doit \u00eatre d\u00e9pos\u00e9e au bureau de mise \u00e0 niveau dans un d\u00e9lai d\u2019une ann\u00e9e \u00e0 partir de la date de l\u2019adh\u00e9sion, sauf prolongation de ce d\u00e9lai sur demande \u00e9crite de l\u2019entreprise et pour des raisons justifi\u00e9es.<\/p>\n<p>Cette \u00e9tude doit \u00eatre accompagn\u00e9e des pi\u00e8ces suivantes :<\/p>\n<div style=\"margin-left: 20px;\">\u2022 La fiche de caract\u00e9risation de l\u2019entreprise d\u00fbment remplie <span style=\"color: #ff6600;\">(<a style=\"color: #ff6600;\" href=\"https:\/\/centeribil.com\/wp-content\/uploads\/2026\/03\/fiche-de-caracterisation-de-lentreprise-PMN.pdf\">T\u00e9l\u00e9charger fiche de caract\u00e9risation<\/a>)<\/span><br \/>\n\u2022 Les factures pro-formas et les devis des investissements<br \/>\n\u2022 Les \u00e9tats financiers des 3 derniers exercices<\/div>\n<div><\/div>\n<p>Et pour l\u2019octroi de la prime de diagnostic \/ Plan de Mise \u00e0 Niveau :<\/p>\n<div style=\"margin-left: 20px;\">\u2022 La facture de l\u2019\u00e9tude de diagnostic\/plan de mise \u00e0 niveau<br \/>\n\u2022 Une fiche d\u2019intervention des consultants ayant particip\u00e9 \u00e0 l\u2019\u00e9tude et leurs CV<br \/>\n\u2022 Le justificatif de paiement des 30% du co\u00fbt de l\u2019\u00e9tude.<\/div>\n\n\t\t<\/div>\n\t<\/div>\n<h5 class='heading-content  style-1' ><span>Approbation du Plan de Mise \u00e0 Niveau<\/span><\/h5>\n\t<div class=\"wpb_text_column wpb_content_element\" >\n\t\t<div class=\"wpb_wrapper\">\n\t\t\t<p>La d\u00e9cision d\u2019octroi d\u2019avantages comporte les diff\u00e9rentes rubriques d\u2019investissement, leurs co\u00fbts retenus, les primes correspondantes et, \u00e9ventuellement les r\u00e9serves qui s\u2019y rattachent.<br \/>\nLes co\u00fbts retenus dans les d\u00e9cisions d\u2019octroi d\u2019avantages seront \u00e9valu\u00e9s et valid\u00e9s lors du d\u00e9blocage compte tenu des r\u00e9alisations.<\/p>\n\n\t\t<\/div>\n\t<\/div>\n<h2 class='heading-content  divider-lg'  style='color: #4D7EA9'><span>PHASE DEBLOCAGE DES PRIMES<\/span><\/h2>\n\t<div class=\"wpb_text_column wpb_content_element\" >\n\t\t<div class=\"wpb_wrapper\">\n\t\t\t<p>La deuxi\u00e8me phase consiste \u00e0 d\u00e9bloquer\u00a0 les primes de la mise \u00e0 niveau.<\/p>\n\n\t\t<\/div>\n\t<\/div>\n<h5 class='heading-content  style-1' ><span>Demande de d\u00e9blocage des primes<\/span><\/h5>\n\t<div class=\"wpb_text_column wpb_content_element\" >\n\t\t<div class=\"wpb_wrapper\">\n\t\t\t<p>Le d\u00e9blocage des primes des investissements est li\u00e9 \u00e0 la r\u00e9alisation des actions pr\u00e9vues dans le plan de mise \u00e0 niveau. Les r\u00e8gles r\u00e9gissant la r\u00e9alisation d\u2019un plan de mise \u00e0 niveau sont les suivantes:<br \/>\n<strong>Date de r\u00e9f\u00e9rence :<\/strong><br \/>\nLes investissements r\u00e9alis\u00e9s avant la date d\u2019adh\u00e9sion ne sont pas \u00e9ligibles aux avantages de la mise \u00e0 niveau.<br \/>\n<strong>L\u2019actualisation :<\/strong><br \/>\nL\u2019entreprise peut actualiser son plan de mise \u00e0 niveau en introduisant des investissements impr\u00e9vus ou en modifiant la consistance ou les co\u00fbts des investissements retenus. Dans ce cas, la date d\u2019adh\u00e9sion est maintenue comme date de r\u00e9f\u00e9rence.<br \/>\n<strong>Le d\u00e9passement :<\/strong><br \/>\nEn cas de r\u00e9alisation d\u2019investissements impr\u00e9vus ou \u00e0 un co\u00fbt sup\u00e9rieur au co\u00fbt approuv\u00e9, ces investissements peuvent b\u00e9n\u00e9ficier des avantages de mise \u00e0 niveau et ce apr\u00e8s avis du COPIL lors du d\u00e9blocage de la derni\u00e8re tranche de la prime.<\/p>\n\n\t\t<\/div>\n\t<\/div>\n<h5 class='heading-content  style-1' ><span>Suivi des plans de mise \u00e0 niveau<\/span><\/h5>\n\t<div class=\"wpb_text_column wpb_content_element\" >\n\t\t<div class=\"wpb_wrapper\">\n\t\t\t<p>Le suivi de r\u00e9alisation est initi\u00e9 sur simple demande de l\u2019entreprise adress\u00e9e au Bureau de Mise \u00e0 Niveau qui la confie au Centre Technique sectoriel concern\u00e9 (l\u2019entreprise est inform\u00e9e par \u00e9crit de l\u2019engagement de la mission de suivi).<br \/>\nL\u2019entreprise est tenue de contacter le centre technique et de l\u2019informer de sa disponibilit\u00e9 \u00e0 recevoir la mission de suivi.<\/p>\n\n\t\t<\/div>\n\t<\/div>\n<h5 class='heading-content  style-1' ><span>D\u00e9blocage des primes de mise \u00e0 niveau<\/span><\/h5>\n\t<div class=\"wpb_text_column wpb_content_element\" >\n\t\t<div class=\"wpb_wrapper\">\n\t\t\t<p>Le d\u00e9blocage des primes s\u2019effectue pour les investissements mat\u00e9riels et immat\u00e9riels retenus :<\/p>\n<ul style=\"margin-left: 20px;\">\n<li>En quatre tranches au plus ;<\/li>\n<li>Et en exigeant un taux de r\u00e9alisation minimal de 30% pour le premier d\u00e9blocage, et de plus de 60% pour le troisi\u00e8me d\u00e9blocage.<\/li>\n<\/ul>\n<p>L\u2019entreprise peut b\u00e9n\u00e9ficier du d\u00e9blocage de la prime se rapportant aux investissements immat\u00e9riels d\u00e8s l\u2019ach\u00e8vement total de l\u2019action concern\u00e9e, et quelque soit le taux de r\u00e9alisation du programme de mise \u00e0 niveau.<\/p>\n<p>Le d\u00e9blocage des primes est li\u00e9 au respect des deux conditions financi\u00e8res ci-apr\u00e8s :<\/p>\n<ul style=\"margin-left: 20px;\">\n<li>Un fonds de roulement positif,<\/li>\n<li>Et un niveau de fonds propres couvrant au moins 30% des immobilisations nettes.<\/li>\n<\/ul>\n<p>Le calcul de la prime relative aux investissements mat\u00e9riels r\u00e9alis\u00e9s s\u2019effectue sur la base de 10% pour toutes les tranches de primes interm\u00e9diaires d\u00e9bloqu\u00e9es avant la cl\u00f4ture du dossier de mise \u00e0 niveau de l\u2018entreprise.<\/p>\n<p>De ce fait, les \u00e9l\u00e9ments du sch\u00e9ma de financement d\u00e9clar\u00e9s par l\u2019entreprise ainsi que le surplus de fonds propres ne seront pris en consid\u00e9ration, pour le calcul de la prime (10% \u00e0 20%), que lors du d\u00e9blocage de la derni\u00e8re tranche \u00e0 la cl\u00f4ture du Plan de Mise \u00e0 Niveau.<\/p>\n<p style=\"text-align: right;\"><strong>Source\u00a0: <\/strong><span style=\"color: #ff6600 !important;\"><a style=\"color: #ff6600 !important;\" href=\"http:\/\/www.pmn.nat.tn\/\"><strong>http:\/\/www.pmn.nat.tn\/<\/strong><\/a><\/span><\/p>\n\n\t\t<\/div>\n\t<\/div>\n<\/div><\/div><\/div><\/div>\n<\/div>","protected":false},"excerpt":{"rendered":"PHASE ADHESION, ETUDE ET APPROBATION La premi\u00e8re phase est d\u00e9clench\u00e9e par la demande d'adh\u00e9sion de l'entreprise et aboutit \u00e0 l'approbation de son plan de mise \u00e0 niveau. Adh\u00e9sion au PMN L\u2019adh\u00e9sion au PMN se fait par simple demande dont un...","protected":false},"author":1,"featured_media":0,"parent":1733,"menu_order":0,"comment_status":"open","ping_status":"closed","template":"","meta":{"footnotes":""},"class_list":["post-260","page","type-page","status-publish","hentry"],"_links":{"self":[{"href":"https:\/\/centeribil.com\/index.php?rest_route=\/wp\/v2\/pages\/260","targetHints":{"allow":["GET"]}}],"collection":[{"href":"https:\/\/centeribil.com\/index.php?rest_route=\/wp\/v2\/pages"}],"about":[{"href":"https:\/\/centeribil.com\/index.php?rest_route=\/wp\/v2\/types\/page"}],"author":[{"embeddable":true,"href":"https:\/\/centeribil.com\/index.php?rest_route=\/wp\/v2\/users\/1"}],"replies":[{"embeddable":true,"href":"https:\/\/centeribil.com\/index.php?rest_route=%2Fwp%2Fv2%2Fcomments&post=260"}],"version-history":[{"count":21,"href":"https:\/\/centeribil.com\/index.php?rest_route=\/wp\/v2\/pages\/260\/revisions"}],"predecessor-version":[{"id":2237,"href":"https:\/\/centeribil.com\/index.php?rest_route=\/wp\/v2\/pages\/260\/revisions\/2237"}],"up":[{"embeddable":true,"href":"https:\/\/centeribil.com\/index.php?rest_route=\/wp\/v2\/pages\/1733"}],"wp:attachment":[{"href":"https:\/\/centeribil.com\/index.php?rest_route=%2Fwp%2Fv2%2Fmedia&parent=260"}],"curies":[{"name":"wp","href":"https:\/\/api.w.org\/{rel}","templated":true}]}}